{"id":6,"date":"2018-02-08T05:20:13","date_gmt":"2018-02-08T05:20:13","guid":{"rendered":"https:\/\/comunicadasdotorg.wordpress.com\/?page_id=2"},"modified":"2018-02-08T05:20:13","modified_gmt":"2018-02-08T05:20:13","slug":"acerca-de","status":"publish","type":"page","link":"https:\/\/comunicadas.com.ar\/index.php\/acerca-de\/","title":{"rendered":"Acerca de"},"content":{"rendered":"<p>Este es un ejemplo de una p\u00e1gina Acerca de. A diferencia de las entradas, las p\u00e1ginas se ajustan mejor a un contenido atemporal que quiere ser m\u00e1s accesible, como la informaci\u00f3n en las p\u00e1ginas Acerca de o Contacto. Haz clic en el enlace \"Editar\" para hacer cambios en esta p\u00e1gina o <a href=\"https:\/\/wordpress.com\/page\">a\u00f1adir otra<\/a>.<\/p>\n","protected":false},"excerpt":{"rendered":"<p>Este es un ejemplo de una p\u00e1gina Acerca de. A diferencia de las entradas, las p\u00e1ginas se ajustan mejor a un contenido atemporal que quiere ser m\u00e1s accesible, como la informaci\u00f3n en las p\u00e1ginas Acerca de o Contacto. Haz clic en el enlace \"Editar\" para hacer cambios en esta p\u00e1gina o a\u00f1adir otra.<\/p>\n","protected":false},"author":1,"featured_media":0,"parent":0,"menu_order":1,"comment_status":"closed","ping_status":"closed","template":"","meta":{"inline_featured_image":false,"_monsterinsights_skip_tracking":false,"_monsterinsights_sitenote_active":false,"_monsterinsights_sitenote_note":"","_monsterinsights_sitenote_category":0,"lzb_camalote_bajada":"","lzb_camalote_fotogalerias_repeater":"","lzb_camalote_fotogalerias_desc":"","lzb_camalote_fotogalerias_autorxs":"%5B%5D","lzb_camalote_post_imagen_destacada":"","lzb_camalote_post_imagen_destacada_fotografx":"","lzb_camalote_post_imagen_destacada_fotografx_url":"","footnotes":""},"class_list":["post-6","page","type-page","status-publish","hentry"],"aioseo_notices":[],"jetpack_sharing_enabled":false,"jetpack_likes_enabled":null,"_links":{"self":[{"href":"https:\/\/comunicadas.com.ar\/index.php\/wp-json\/wp\/v2\/pages\/6"}],"collection":[{"href":"https:\/\/comunicadas.com.ar\/index.php\/wp-json\/wp\/v2\/pages"}],"about":[{"href":"https:\/\/comunicadas.com.ar\/index.php\/wp-json\/wp\/v2\/types\/page"}],"author":[{"embeddable":true,"href":"https:\/\/comunicadas.com.ar\/index.php\/wp-json\/wp\/v2\/users\/1"}],"replies":[{"embeddable":true,"href":"https:\/\/comunicadas.com.ar\/index.php\/wp-json\/wp\/v2\/comments?post=6"}],"version-history":[{"count":0,"href":"https:\/\/comunicadas.com.ar\/index.php\/wp-json\/wp\/v2\/pages\/6\/revisions"}],"wp:attachment":[{"href":"https:\/\/comunicadas.com.ar\/index.php\/wp-json\/wp\/v2\/media?parent=6"}],"curies":[{"name":"wp","href":"https:\/\/api.w.org\/{rel}","templated":true}]}}